+ 2764?
65417
In base 2, what is -1 - 1010000000111110101100?
-1010000000111110101101
In base 6, what is -4341 - 2104123?
-2112504
In base 4, what is 10322001 - 11000311?
-12310
In base 9, what is 4308 - -188?
4507
In base 14, what is -603ba3 + 2?
-603ba1
In base 10, what is 1171 - 7117?
-5946
In base 5, what is -2 - 2222123432?
-2222123434
In base 6, what is 5313 - 454402?
-445045
In base 7, what is -642263 + -10054?
-652350
In base 7, what is 132 - 6204231?
-6204066
In base 11, what is -818 - -4951?
4134
In base 11, what is -105a7 - 828?
-11324
In base 15, what is -136 - -6c874?
6c73d
In base 3, what is 1222 - 21120121002021?
-21120121000022
In base 13, what is 599c4 - -1257?
5ac4b
In base 14, what is -a6 - -410d?
4047
In base 2, what is -1001000100 + -110010001001100110?
-110010010010101010
In base 9, what is -365658 - -42?
-365616
In base 12, what is 1805a7 + 0?
1805a7
In base 5, what is -342424234 - -3?
-342424231
In base 9, what is -256 - 171228?
-171485
In base 6, what is -20352200421 - -5?
-20352200412
In base 6, what is 3501001 - 1011?
3455550
In base 10, what is 486433140 - -2?
486433142
In base 13, what is 19a3 - -17a?
1b50
In base 14, what is 3121a2 - 5?
31219b
In base 11, what is 2 + 2a34876?
2a34878
In base 14, what is 3d + 248572?
2485b1
In base 2, what is -111100110 - -111101010101?
110101101111
In base 4, what is 12303211321022 - 2?
12303211321020
In base 7, what is -563 + 123026?
122133
In base 15, what is b3b + -b3e3?
-a7a7
In base 7, what is -1 - 43352532?
-43352533
In base 2, what is -11111000101010000011 - -1010?
-11111000101001111001
In base 8, what is -227651 - 61?
-227732
In base 3, what is -122 - 122122202210121?
-122122202211020
In base 13, what is -9210 - -18a?
-9053
In base 11, what is aa7a5925 + -2?
aa7a5923
In base 5, what is 1 - 2033121313?
-2033121312
In base 9, what is 142 - 6736?
-6584
In base 4, what is -112 - 1212210201?
-1212210313
In base 8, what is -3 + -26031636?
-26031641
In base 7, what is 433 - -31063?
31526
In base 10, what is -258064762 + 4?
-258064758
In base 8, what is 21734654205 + 2?
21734654207
In base 10, what is -144722317 - 5?
-144722322
In base 10, what is -770788 + -59?
-770847
In base 4, what is 223110030222 + 10?
223110030232
In base 3, what is 1022 - 10200010221000?
-10200010212201
In base 9, what is -1853 + -3631?
-5584
In base 2, what is -110100000101100 - -1000100011?
-110011000001001
In base 16, what is db74 + -263?
d911
In base 15, what is 56aa - 10?
569a
In base 3, what is -2 - 222022001122?
-222022001201
In base 6, what is -12531225 + 3?
-12531222
In base 5, what is -3230440244 + 3?
-3230440241
In base 5, what is 3434421313 + -4?
3434421304
In base 10, what is -357 + -160070?
-160427
In base 15, what is 2 + 169e3cee?
169e3d01
In base 4, what is 300 + -223121320?
-223121020
In base 2, what is -10010111100111001 + -1101?
-10010111101000110
In base 10, what is -13233847 + -35?
-13233882
In base 2, what is -1000100100110 + -1000100011011?
-10001001000001
In base 4, what is 1 + -11011331202?
-11011331201
In base 5, what is -120333 - 241100?
-411433
In base 7, what is 550065 + 126?
550224
In base 14, what is -2 - b3301c?
-b33020
In base 14, what is -4 + a155b?
a1557
In base 9, what is -1 - 265066084?
-265066085
In base 3, what is -21 + -12221102021120?
-12221102021211
In base 11, what is -42 + -3a8014?
-3a8056
In base 13, what is 570c3 + 617?
5770a
In base 9, what is 11 - -22663416?
22663427
In base 11, what is -524a2 - -a?
-52493
In base 6, what is 4 + -4550503013?
-4550503005
In base 11, what is -1397 - -5017?
3730
In base 2, what is -1100 - -110000001101011001?
110000001101001101
In base 12, what is 3 - 12a87934?
-12a87931
In base 6, what is 121 - 4102244?
-4102123
In base 7, what is 23550120 + -101?
23550016
In base 7, what is -1234440 - 100?
-1234540
In base 6, what is -103330 + -3400?
-111130
In base 14, what is -2 - 20a1bd?
-20a1c1
In base 9, what is 734 + 2428?
3263
In base 11, what is -12 - -666a1a?
666a08
In base 7, what is -1622614 + -463?
-1623410
In base 3, what is -1101200 - -20000102?
11121202
In base 10, what is -1 + -9747478?
-9747479
In base 5, what is 311 + 3104012?
3104323
In base 16, what is 2 + 4947a0?
4947a2
In base 15, what is -5 + -1e95bb98?
-1e95bb9d
In base 7, what is -214222 + 414?
-213505
In base 8, what is 37 - 65174?
-65135
In base 12, what is -126 - a05?
-b2b
In base 14, what is 12 + -18ab022?
-18ab010
In base 16, what is cab5 + 781?
d236
In base 8, what is 4622065 + 152?
4622237
In base 8, what is 206647 + 35?
206704
In base 7, what is 120361231 + 123?
120361354
In base 7, what is -21123515456 + -3?
-21123515462
In base 9, what is -483 - -162750?
162256
In base 14, what is -3a6 + 1b363?
1ad9b
In base 6, what is -133024155 - 10?
-133024205
In base 5, what is 11 + -34211031333?
-34211031322
In base 4, what is 21232 + -1030301?
-1003003
In base 16, what is 46199 - 2b?
4616e
In base 6, what is 35104511 + -10?
35104501
In base 16, what is -321e7b + -3?
-321e7e
In base 16, what is -5cf - 37bd?
-3d8c
In base 4, what is 2001100130100 + -1?
2001100130033
In base 5, what is 2320141410 - -1010?
2320142420
In base 8, what is 41406 - 30301?
11105
In base 7, what is -123564002 - -15?
-123563654
In base 7, what is -5 - 62033610?
-62033615
In base 3, what is -1 - -11100210000022?
11100210000021
In base 13, what is -aa - 7a07?
-7ab4
In base 13, what is -5 + -110a714?
-110a719
In base 11, what is 24431917 - -3?
2443191a
In base 3, what is 11 - -110000212212011?
110000212212022
In base 6, what is -5 - 105354330?
-105354335
In base 14, what is -1b8b5 + c6?
-1b7cd
In base 7, what is 12 - -6122653?
6122665
In base 7, what is -2634 - 15451?
-21415
In base 9, what is 34 + 11016604?
11016638
In base 6, what is 2 + -42243335153?
-42243335151
In base 4, what is 11122232200 - -11?
11122232211
In base 11, what is -112923171 - 3?
-112923174
In base 11, what is -321875506 + -4?
-32187550a
In base 9, what is -81 - 350237?
-350328
In base 8, what is -3523 + -325?
-4050
In base 9, what is 471 + -48813?
-48332
In base 4, what is -3 + -10113301210022?
-10113301210031
In base 4, what is 320103 - -23213?
1003322
In base 13, what is 3 + -348201?
-3481cb
In base 3, what is 20002 + 122220112?
200010121
In base 10, what is -1198 - 16191?
-17389
In base 4, what is -113002 - -133033022?
132320020
In base 15, what is -6db7080 + -4?
-6db7084
In base 5, what is -231 - -2101412102?
2101411321
In base 7, what is -146012 + 6242?
-136440
In base 9, what is 12347514 + -3?
12347511
In base 14, what is -204ab - 0?
-204ab
In base 12, what is 20 + -78600?
-785a0
In base 3, what is 1 + 22110201000221?
22110201000222
In base 4, what is 11110 - 12100211?
-12023101
In base 16, what is 12 - 1f3df4?
-1f3de2
In base 11, what is -10734 - 55689?
-66312
In base 11, what is 1a - 9a9869?
-9a984a
In base 4, what is -13013210 - -103233?
-12303311
In base 10, what is 217320 + -40?
217280
In base 16, what is -c00f + 4a7?
-bb68
In base 8, what is 6257063 + -16?
6257045
In base 2, what is 1100001010 + 10110100000101?
11000000001111
In base 7, what is 23 + 12300653?
12301006
In base 12, what is 1 + 8717258?
8717259
In base 6, what is -25402413502 + -4?
-25402413510
In base 6, what is 1401510 + -51?
1401415
In base 9, what is -6800555 + -586?
-6801252
In base 3, what is 201 - -201001221111?
201001222012
In base 8, what is 17047427 + 1?
17047430
In base 16, what is -1348 - 1fcb1?
-20ff9
In base 15, what is 1b + 95813?
9582e
In base 4, what is -1300100120 + -1?
-1300100121
In base 9, what is 1722 + 17153?
18875
In base 14, what is c3 + -20b83?
-20aa0
In base 9, what is -5 + 4575032?
4575026
In base 6, what is 10220425 + 2342?
10223211
In base 8, what is -424757303 - -3?
-424757300
In base 3, what is -110 - 11020001011100011?
-11020001011100121
In base 5, what is -11410 + -4122332?
-4134242
In base 9, what is 64207 + -14?
64183
In base 10, what is -136 + 251635?
251499
In base 9, what is 364371330 - 3?
364371326
In base 10, what is 24 - -10162?
10186
In base 14, what is 1a4db - 556?
19d85
In base 3, what is 1011100122002211 + -210?
1011100122002001
In base 12, what is 4 + -49539245?
-49539241
In base 12, what is a8190a52 + 3?
a8190a55
In base 10, what is -189176 + -33?
-189209
In base 12, what is -6297 - 2b739?
-35a14
In bas